[INFO] fetching crate arweaver 0.1.0...
[INFO] checking arweaver-0.1.0 against try#72f88fc4e9458f89516a0b8b0868f3718aec5b47 for pr-74989
[INFO] extracting crate arweaver 0.1.0 into /workspace/builds/worker-5/source
[INFO] validating manifest of crates.io crate arweaver 0.1.0 on toolchain 72f88fc4e9458f89516a0b8b0868f3718aec5b47
[INFO] running `Command { std: "/workspace/cargo-home/bin/cargo" "+72f88fc4e9458f89516a0b8b0868f3718aec5b47" "read-manifest" "--manifest-path" "Cargo.toml", kill_on_drop: false }`
[INFO] started tweaking crates.io crate arweaver 0.1.0
[INFO] finished tweaking crates.io crate arweaver 0.1.0
[INFO] tweaked toml for crates.io crate arweaver 0.1.0 written to /workspace/builds/worker-5/source/Cargo.toml
[INFO] running `Command { std: "/workspace/cargo-home/bin/cargo" "+72f88fc4e9458f89516a0b8b0868f3718aec5b47" "generate-lockfile" "--manifest-path" "Cargo.toml" "-Zno-index-update", kill_on_drop: false }`
[INFO] running `Command { std: "/workspace/cargo-home/bin/cargo" "+72f88fc4e9458f89516a0b8b0868f3718aec5b47" "fetch" "--locked" "--manifest-path" "Cargo.toml", kill_on_drop: false }`
[INFO] running `Command { std: "docker" "create" "-v" "/var/lib/crater-agent-workspace/builds/worker-5/target:/opt/rustwide/target:rw,Z" "-v" "/var/lib/crater-agent-workspace/builds/worker-5/source:/opt/rustwide/workdir:ro,Z" "-v" "/var/lib/crater-agent-workspace/cargo-home:/opt/rustwide/cargo-home:ro,Z" "-v" "/var/lib/crater-agent-workspace/rustup-home:/opt/rustwide/rustup-home:ro,Z" "-e" "SOURCE_DIR=/opt/rustwide/workdir" "-e" "CARGO_TARGET_DIR=/opt/rustwide/target" "-e" "CARGO_HOME=/opt/rustwide/cargo-home" "-e" "RUSTUP_HOME=/opt/rustwide/rustup-home" "-w" "/opt/rustwide/workdir" "-m" "1610612736" "--user" "0:0" "--network" "none" "rustops/crates-build-env@sha256:d92eaeed33fa75130ca1ee6c8a01d1ffb62bac859dfdfb3450e3e5d1c0146529" "/opt/rustwide/cargo-home/bin/cargo" "+72f88fc4e9458f89516a0b8b0868f3718aec5b47" "metadata" "--no-deps" "--format-version=1", kill_on_drop: false }`
[INFO] [stderr] WARNING: Your kernel does not support swap limit capabilities or the cgroup is not mounted. Memory limited without swap.
[INFO] [stdout] 84ade878c6bc20340e380b3082c8b59cc434f59cc2a50afc2ff96d7bf66f5adb
[INFO] running `Command { std: "docker" "start" "-a" "84ade878c6bc20340e380b3082c8b59cc434f59cc2a50afc2ff96d7bf66f5adb", kill_on_drop: false }`
[INFO] running `Command { std: "docker" "inspect" "84ade878c6bc20340e380b3082c8b59cc434f59cc2a50afc2ff96d7bf66f5adb", kill_on_drop: false }`
[INFO] running `Command { std: "docker" "rm" "-f" "84ade878c6bc20340e380b3082c8b59cc434f59cc2a50afc2ff96d7bf66f5adb", kill_on_drop: false }`
[INFO] [stdout] 84ade878c6bc20340e380b3082c8b59cc434f59cc2a50afc2ff96d7bf66f5adb
[INFO] running `Command { std: "docker" "create" "-v" "/var/lib/crater-agent-workspace/builds/worker-5/target:/opt/rustwide/target:rw,Z" "-v" "/var/lib/crater-agent-workspace/builds/worker-5/source:/opt/rustwide/workdir:ro,Z" "-v" "/var/lib/crater-agent-workspace/cargo-home:/opt/rustwide/cargo-home:ro,Z" "-v" "/var/lib/crater-agent-workspace/rustup-home:/opt/rustwide/rustup-home:ro,Z" "-e" "SOURCE_DIR=/opt/rustwide/workdir" "-e" "CARGO_TARGET_DIR=/opt/rustwide/target" "-e" "CARGO_INCREMENTAL=0" "-e" "RUST_BACKTRACE=full" "-e" "RUSTFLAGS=--cap-lints=forbid" "-e" "CARGO_HOME=/opt/rustwide/cargo-home" "-e" "RUSTUP_HOME=/opt/rustwide/rustup-home" "-w" "/opt/rustwide/workdir" "-m" "1610612736" "--user" "0:0" "--network" "none" "rustops/crates-build-env@sha256:d92eaeed33fa75130ca1ee6c8a01d1ffb62bac859dfdfb3450e3e5d1c0146529" "/opt/rustwide/cargo-home/bin/cargo" "+72f88fc4e9458f89516a0b8b0868f3718aec5b47" "check" "--frozen" "--all" "--all-targets" "--message-format=json", kill_on_drop: false }`
[INFO] [stdout] 43a26bf2fb407ef1855d9bf98262e0fae246c8af24be72de5cc7b67695228207
[INFO] [stderr] WARNING: Your kernel does not support swap limit capabilities or the cgroup is not mounted. Memory limited without swap.
[INFO] running `Command { std: "docker" "start" "-a" "43a26bf2fb407ef1855d9bf98262e0fae246c8af24be72de5cc7b67695228207", kill_on_drop: false }`
[INFO] [stderr]    Compiling libc v0.2.77
[INFO] [stderr]     Checking cfg-if v0.1.10
[INFO] [stderr]     Checking lazy_static v1.4.0
[INFO] [stderr]    Compiling byteorder v1.3.4
[INFO] [stderr]    Compiling semver-parser v0.7.0
[INFO] [stderr]    Compiling proc-macro2 v1.0.21
[INFO] [stderr]    Compiling autocfg v0.1.7
[INFO] [stderr]     Checking matches v0.1.8
[INFO] [stderr]     Checking slab v0.4.2
[INFO] [stderr]    Compiling bitflags v1.2.1
[INFO] [stderr]    Compiling openssl v0.10.30
[INFO] [stderr]    Compiling httparse v1.3.4
[INFO] [stderr]     Checking foreign-types-shared v0.1.1
[INFO] [stderr]     Checking regex-syntax v0.6.18
[INFO] [stderr]     Checking percent-encoding v2.1.0
[INFO] [stderr]    Compiling native-tls v0.2.4
[INFO] [stderr]     Checking openssl-probe v0.1.2
[INFO] [stderr]    Compiling encoding_rs v0.8.24
[INFO] [stderr]     Checking dtoa v0.4.6
[INFO] [stderr]     Checking mime v0.3.16
[INFO] [stderr]     Checking base64 v0.11.0
[INFO] [stderr]    Compiling num-integer v0.1.43
[INFO] [stderr]    Compiling num-bigint v0.2.6
[INFO] [stderr]    Compiling openssl-sys v0.9.58
[INFO] [stderr]    Compiling error-chain v0.12.4
[INFO] [stderr]     Checking try_from v0.3.2
[INFO] [stderr]     Checking unicode-bidi v0.3.4
[INFO] [stderr]     Checking foreign-types v0.3.2
[INFO] [stderr]    Compiling semver v0.9.0
[INFO] [stderr]     Checking log v0.4.11
[INFO] [stderr]     Checking ryu v1.0.5
[INFO] [stderr]     Checking crc32fast v1.2.0
[INFO] [stderr]     Checking crossbeam-utils v0.7.2
[INFO] [stderr]     Checking mime_guess v2.0.3
[INFO] [stderr]     Checking idna v0.1.5
[INFO] [stderr]     Checking idna v0.2.0
[INFO] [stderr]     Checking want v0.2.0
[INFO] [stderr]    Compiling rustc_version v0.2.3
[INFO] [stderr]    Compiling rand_chacha v0.1.1
[INFO] [stderr]    Compiling rand_pcg v0.1.2
[INFO] [stderr]    Compiling rand v0.6.5
[INFO] [stderr]     Checking tokio-executor v0.1.10
[INFO] [stderr]     Checking crossbeam-epoch v0.8.2
[INFO] [stderr]     Checking crossbeam-queue v0.2.3
[INFO] [stderr]     Checking base64 v0.10.1
[INFO] [stderr]     Checking tokio-current-thread v0.1.7
[INFO] [stderr]     Checking tokio-timer v0.2.13
[INFO] [stderr]    Compiling quote v1.0.7
[INFO] [stderr]    Compiling parking_lot_core v0.6.2
[INFO] [stderr]    Compiling parking_lot v0.9.0
[INFO] [stderr]    Compiling hyper v0.12.35
[INFO] [stderr]     Checking crossbeam-deque v0.7.3
[INFO] [stderr]     Checking url v2.1.1
[INFO] [stderr]     Checking url v1.7.2
[INFO] [stderr]     Checking iovec v0.1.4
[INFO] [stderr]     Checking num_cpus v1.13.0
[INFO] [stderr]     Checking net2 v0.2.35
[INFO] [stderr]     Checking time v0.1.44
[INFO] [stderr]     Checking backtrace v0.3.50
[INFO] [stderr]     Checking rand_os v0.1.3
[INFO] [stderr]     Checking getrandom v0.1.15
[INFO] [stderr]     Checking flate2 v1.0.17
[INFO] [stderr]    Compiling syn v1.0.40
[INFO] [stderr]     Checking bytes v0.4.12
[INFO] [stderr]     Checking regex v1.3.9
[INFO] [stderr]     Checking tokio-threadpool v0.1.18
[INFO] [stderr]     Checking futures-cpupool v0.1.8
[INFO] [stderr]     Checking mio v0.6.22
[INFO] [stderr]     Checking rand_core v0.5.1
[INFO] [stderr]     Checking rand_chacha v0.2.2
[INFO] [stderr]     Checking tokio-io v0.1.13
[INFO] [stderr]     Checking http v0.1.21
[INFO] [stderr]     Checking tokio-buf v0.1.1
[INFO] [stderr]     Checking string v0.2.1
[INFO] [stderr]     Checking cookie v0.12.0
[INFO] [stderr]     Checking rand v0.7.3
[INFO] [stderr]     Checking publicsuffix v1.5.4
[INFO] [stderr]     Checking tokio-reactor v0.1.12
[INFO] [stderr]     Checking uuid v0.7.4
[INFO] [stderr]     Checking tokio-tcp v0.1.4
[INFO] [stderr]     Checking tokio v0.1.22
[INFO] [stderr]     Checking http-body v0.1.0
[INFO] [stderr]     Checking h2 v0.1.26
[INFO] [stderr]    Compiling synstructure v0.12.4
[INFO] [stderr]    Compiling serde_derive v1.0.116
[INFO] [stderr]    Compiling failure_derive v0.1.8
[INFO] [stderr]     Checking failure v0.1.8
[INFO] [stderr]     Checking hyper-tls v0.3.2
[INFO] [stderr]     Checking serde v1.0.116
[INFO] [stderr]     Checking serde_json v1.0.57
[INFO] [stderr]     Checking serde_urlencoded v0.5.5
[INFO] [stderr]     Checking chrono v0.4.15
[INFO] [stderr]     Checking cookie_store v0.7.0
[INFO] [stderr]     Checking reqwest v0.9.24
[INFO] [stderr]     Checking arweaver v0.1.0 (/opt/rustwide/workdir)
[INFO] [stdout] error[E0432]: unresolved import `arweave`
[INFO] [stdout]  --> tests/fresh.rs:3:5
[INFO] [stdout]   |
[INFO] [stdout] 3 | use arweave::{Address, Winstons};
[INFO] [stdout]   |     ^^^^^^^ use of undeclared type or module `arweave`
[INFO] [stdout] 
[INFO] [stdout] 
[INFO] [stdout] error[E0432]: unresolved import `arweave`
[INFO] [stdout]  --> tests/integration_tests.rs:1:5
[INFO] [stdout]   |
[INFO] [stdout] 1 | use arweave::*;
[INFO] [stdout]   |     ^^^^^^^ use of undeclared type or module `arweave`
[INFO] [stdout] 
[INFO] [stdout] 
[INFO] [stdout] error[E0432]: unresolved import `arweave`
[INFO] [stdout]  --> tests/settings.rs:1:5
[INFO] [stdout]   |
[INFO] [stdout] 1 | use arweave::*;
[INFO] [stdout]   |     ^^^^^^^ use of undeclared type or module `arweave`
[INFO] [stdout] 
[INFO] [stdout] 
[INFO] [stdout] error[E0432]: unresolved import `arweave`
[INFO] [stdout]  --> tests/fresh.rs:3:5
[INFO] [stdout]   |
[INFO] [stdout] 3 | use arweave::{Address, Winstons};
[INFO] [stdout]   |     ^^^^^^^ use of undeclared type or module `arweave`
[INFO] [stdout] 
[INFO] [stdout] 
[INFO] [stdout] error[E0432]: unresolved import `arweave`
[INFO] [stdout]  --> tests/settings.rs:1:5
[INFO] [stdout]   |
[INFO] [stdout] 1 | use arweave::*;
[INFO] [stdout]   |     ^^^^^^^ use of undeclared type or module `arweave`
[INFO] [stdout] 
[INFO] [stdout] 
[INFO] [stdout] error[E0432]: unresolved import `arweave`
[INFO] [stdout]  --> tests/loom.rs:2:5
[INFO] [stdout]   |
[INFO] [stdout] 2 | use arweave::{Error, Address, Winstons, TxHash, winstons_as_numbers};
[INFO] [stdout]   |     ^^^^^^^ use of undeclared type or module `arweave`
[INFO] [stdout] 
[INFO] [stdout] 
[INFO] [stdout] error: aborting due to previous error
[INFO] [stdout] 
[INFO] [stdout] 
[INFO] [stdout] For more information about this error, try `rustc --explain E0432`.
[INFO] [stdout] 
[INFO] [stdout] error[E0432]: unresolved import `arweave`
[INFO] [stdout]  --> tests/loom.rs:2:5
[INFO] [stdout]   |
[INFO] [stdout] 2 | use arweave::{Error, Address, Winstons, TxHash, winstons_as_numbers};
[INFO] [stdout]   |     ^^^^^^^ use of undeclared type or module `arweave`
[INFO] [stdout] 
[INFO] [stdout] 
[INFO] [stdout] error[E0432]: unresolved import `arweave`
[INFO] [stdout]  --> tests/fresh.rs:3:5
[INFO] [stdout]   |
[INFO] [stdout] 3 | use arweave::{Address, Winstons};
[INFO] [stdout]   |     ^^^^^^^ use of undeclared type or module `arweave`
[INFO] [stdout] 
[INFO] [stdout] 
[INFO] [stdout] error[E0432]: unresolved import `arweave`
[INFO] [stdout]  --> tests/mutability_tests.rs:3:5
[INFO] [stdout]   |
[INFO] [stdout] 3 | use arweave::{Winstons, Wallet, Anchor, TxBuilder};
[INFO] [stdout]   |     ^^^^^^^ use of undeclared type or module `arweave`
[INFO] [stdout] 
[INFO] [stdout] 
[INFO] [stderr] error: could not compile `arweaver`.
[INFO] [stderr] 
[INFO] [stderr] To learn more, run the command again with --verbose.
[INFO] [stderr] warning: build failed, waiting for other jobs to finish...
[INFO] [stdout] error[E0412]: cannot find type `Height` in this scope
[INFO] [stdout]  --> tests/settings.rs:4:33
[INFO] [stdout]   |
[INFO] [stdout] 4 | pub fn recent_block_height() -> Height {
[INFO] [stdout]   |                                 ^^^^^^ not found in this scope
[INFO] [stdout]   |
[INFO] [stdout] help: consider importing this struct
[INFO] [stdout]   |
[INFO] [stdout] 1 | use arweaver::Height;
[INFO] [stdout]   |
[INFO] [stdout] 
[INFO] [stdout] 
[INFO] [stdout] error[E0433]: failed to resolve: use of undeclared type or module `Height`
[INFO] [stdout]  --> tests/settings.rs:5:5
[INFO] [stdout]   |
[INFO] [stdout] 5 |     Height::from(317621)
[INFO] [stdout]   |     ^^^^^^ not found in this scope
[INFO] [stdout]   |
[INFO] [stdout] help: consider importing this struct
[INFO] [stdout]   |
[INFO] [stdout] 1 | use arweaver::Height;
[INFO] [stdout]   |
[INFO] [stdout] 
[INFO] [stdout] 
[INFO] [stdout] error[E0412]: cannot find type `BlockHash` in this scope
[INFO] [stdout]   --> tests/settings.rs:12:38
[INFO] [stdout]    |
[INFO] [stdout] 12 | pub fn block_with_transactions() -> (BlockHash, DateTime<Utc>)  {
[INFO] [stdout]    |                                      ^^^^^^^^^ not found in this scope
[INFO] [stdout]    |
[INFO] [stdout] help: consider importing this struct
[INFO] [stdout]    |
[INFO] [stdout] 1  | use arweaver::BlockHash;
[INFO] [stdout]    |
[INFO] [stdout] 
[INFO] [stdout] 
[INFO] [stdout] error[E0433]: failed to resolve: use of undeclared type or module `BlockHash`
[INFO] [stdout]   --> tests/settings.rs:13:14
[INFO] [stdout]    |
[INFO] [stdout] 13 |     let bh = BlockHash::decode("TQpzWTuYMv82YPLEeaAKJawJlknA5cDcesHCGVvZFzSFrpfWZxc-tOmLU-lx1B4v").unwrap();
[INFO] [stdout]    |              ^^^^^^^^^ not found in this scope
[INFO] [stdout]    |
[INFO] [stdout] help: consider importing this struct
[INFO] [stdout]    |
[INFO] [stdout] 1  | use arweaver::BlockHash;
[INFO] [stdout]    |
[INFO] [stdout] 
[INFO] [stdout] 
[INFO] [stdout] error[E0412]: cannot find type `TxHash` in this scope
[INFO] [stdout]   --> tests/settings.rs:18:31
[INFO] [stdout]    |
[INFO] [stdout] 18 | pub fn data_transaction() -> (TxHash, Winstons, Anchor, Tags) {
[INFO] [stdout]    |                               ^^^^^^ not found in this scope
[INFO] [stdout]    |
[INFO] [stdout] help: consider importing this struct
[INFO] [stdout]    |
[INFO] [stdout] 1  | use arweaver::TxHash;
[INFO] [stdout]    |
[INFO] [stdout] 
[INFO] [stdout] 
[INFO] [stdout] error[E0412]: cannot find type `Winstons` in this scope
[INFO] [stdout]   --> tests/settings.rs:18:39
[INFO] [stdout]    |
[INFO] [stdout] 18 | pub fn data_transaction() -> (TxHash, Winstons, Anchor, Tags) {
[INFO] [stdout]    |                                       ^^^^^^^^ not found in this scope
[INFO] [stdout]    |
[INFO] [stdout] help: consider importing this struct
[INFO] [stdout]    |
[INFO] [stdout] 1  | use arweaver::Winstons;
[INFO] [stdout]    |
[INFO] [stdout] 
[INFO] [stdout] 
[INFO] [stdout] error[E0412]: cannot find type `Anchor` in this scope
[INFO] [stdout]   --> tests/settings.rs:18:49
[INFO] [stdout]    |
[INFO] [stdout] 18 | pub fn data_transaction() -> (TxHash, Winstons, Anchor, Tags) {
[INFO] [stdout]    |                                                 ^^^^^^ not found in this scope
[INFO] [stdout]    |
[INFO] [stdout] help: consider importing this enum
[INFO] [stdout]    |
[INFO] [stdout] 1  | use arweaver::Anchor;
[INFO] [stdout]    |
[INFO] [stdout] 
[INFO] [stdout] 
[INFO] [stdout] error[E0412]: cannot find type `Tags` in this scope
[INFO] [stdout]   --> tests/settings.rs:18:57
[INFO] [stdout]    |
[INFO] [stdout] 18 | pub fn data_transaction() -> (TxHash, Winstons, Anchor, Tags) {
[INFO] [stdout]    |                                                         ^^^^ not found in this scope
[INFO] [stdout]    |
[INFO] [stdout] help: consider importing this struct
[INFO] [stdout]    |
[INFO] [stdout] 1  | use arweaver::Tags;
[INFO] [stdout]    |
[INFO] [stdout] 
[INFO] [stdout] 
[INFO] [stdout] error[E0433]: failed to resolve: use of undeclared type or module `TxHash`
[INFO] [stdout]   --> tests/settings.rs:19:13
[INFO] [stdout]    |
[INFO] [stdout] 19 |     let h = TxHash::decode("et36AGA5eo4HzVNi39nSvTbltzhoRPq643MzzwrH38w").unwrap();
[INFO] [stdout]    |             ^^^^^^ not found in this scope
[INFO] [stdout]    |
[INFO] [stdout] help: consider importing this struct
[INFO] [stdout]    |
[INFO] [stdout] 1  | use arweaver::TxHash;
[INFO] [stdout]    |
[INFO] [stdout] 
[INFO] [stdout] 
[INFO] [stdout] error[E0433]: failed to resolve: use of undeclared type or module `Winstons`
[INFO] [stdout]   --> tests/settings.rs:20:13
[INFO] [stdout]    |
[INFO] [stdout] 20 |     let r = Winstons::from(42360199u64);
[INFO] [stdout]    |             ^^^^^^^^ not found in this scope
[INFO] [stdout]    |
[INFO] [stdout] help: consider importing this struct
[INFO] [stdout]    |
[INFO] [stdout] 1  | use arweaver::Winstons;
[INFO] [stdout]    |
[INFO] [stdout] 
[INFO] [stdout] 
[INFO] [stdout] error[E0433]: failed to resolve: use of undeclared type or module `Anchor`
[INFO] [stdout]   --> tests/settings.rs:21:13
[INFO] [stdout]    |
[INFO] [stdout] 21 |     let a = Anchor::Block(BlockHash::decode("2serU-303rThvozelaLz67ftihCw7cJPAEF40SkPkfyvz92Z5gCKVfhadoVU3ZRg").unwrap());
[INFO] [stdout]    |             ^^^^^^ not found in this scope
[INFO] [stdout]    |
[INFO] [stdout] help: consider importing this enum
[INFO] [stdout]    |
[INFO] [stdout] 1  | use arweaver::Anchor;
[INFO] [stdout]    |
[INFO] [stdout] 
[INFO] [stdout] 
[INFO] [stdout] error[E0433]: failed to resolve: use of undeclared type or module `BlockHash`
[INFO] [stdout]   --> tests/settings.rs:21:27
[INFO] [stdout]    |
[INFO] [stdout] 21 |     let a = Anchor::Block(BlockHash::decode("2serU-303rThvozelaLz67ftihCw7cJPAEF40SkPkfyvz92Z5gCKVfhadoVU3ZRg").unwrap());
[INFO] [stdout]    |                           ^^^^^^^^^ not found in this scope
[INFO] [stdout]    |
[INFO] [stdout] help: consider importing this struct
[INFO] [stdout]    |
[INFO] [stdout] 1  | use arweaver::BlockHash;
[INFO] [stdout]    |
[INFO] [stdout] 
[INFO] [stdout] 
[INFO] [stdout] error[E0433]: failed to resolve: use of undeclared type or module `Tags`
[INFO] [stdout]   --> tests/settings.rs:22:14
[INFO] [stdout]    |
[INFO] [stdout] 22 |     let ts = Tags::from(vec![("Content-Type", "text/html"), ("User-Agent", "ArweaveDeploy/1.7.0")]);
[INFO] [stdout]    |              ^^^^ not found in this scope
[INFO] [stdout]    |
[INFO] [stdout] help: consider importing this struct
[INFO] [stdout]    |
[INFO] [stdout] 1  | use arweaver::Tags;
[INFO] [stdout]    |
[INFO] [stdout] 
[INFO] [stdout] 
[INFO] [stdout] error[E0412]: cannot find type `TxHash` in this scope
[INFO] [stdout]   --> tests/settings.rs:26:35
[INFO] [stdout]    |
[INFO] [stdout] 26 | pub fn transfer_transaction() -> (TxHash, Winstons, Winstons, Anchor, Address, Address) {
[INFO] [stdout]    |                                   ^^^^^^ not found in this scope
[INFO] [stdout]    |
[INFO] [stdout] help: consider importing this struct
[INFO] [stdout]    |
[INFO] [stdout] 1  | use arweaver::TxHash;
[INFO] [stdout]    |
[INFO] [stdout] 
[INFO] [stdout] 
[INFO] [stdout] error[E0412]: cannot find type `Winstons` in this scope
[INFO] [stdout]   --> tests/settings.rs:26:43
[INFO] [stdout]    |
[INFO] [stdout] 26 | pub fn transfer_transaction() -> (TxHash, Winstons, Winstons, Anchor, Address, Address) {
[INFO] [stdout]    |                                           ^^^^^^^^ not found in this scope
[INFO] [stdout]    |
[INFO] [stdout] help: consider importing this struct
[INFO] [stdout]    |
[INFO] [stdout] 1  | use arweaver::Winstons;
[INFO] [stdout]    |
[INFO] [stdout] 
[INFO] [stdout] 
[INFO] [stdout] error[E0412]: cannot find type `Winstons` in this scope
[INFO] [stdout]   --> tests/settings.rs:26:53
[INFO] [stdout]    |
[INFO] [stdout] 26 | pub fn transfer_transaction() -> (TxHash, Winstons, Winstons, Anchor, Address, Address) {
[INFO] [stdout]    |                                                     ^^^^^^^^ not found in this scope
[INFO] [stdout]    |
[INFO] [stdout] help: consider importing this struct
[INFO] [stdout]    |
[INFO] [stdout] 1  | use arweaver::Winstons;
[INFO] [stdout]    |
[INFO] [stdout] 
[INFO] [stdout] 
[INFO] [stdout] error[E0412]: cannot find type `Anchor` in this scope
[INFO] [stdout]   --> tests/settings.rs:26:63
[INFO] [stdout]    |
[INFO] [stdout] 26 | pub fn transfer_transaction() -> (TxHash, Winstons, Winstons, Anchor, Address, Address) {
[INFO] [stdout]    |                                                               ^^^^^^ not found in this scope
[INFO] [stdout]    |
[INFO] [stdout] help: consider importing this enum
[INFO] [stdout]    |
[INFO] [stdout] 1  | use arweaver::Anchor;
[INFO] [stdout]    |
[INFO] [stdout] 
[INFO] [stdout] 
[INFO] [stdout] error[E0412]: cannot find type `Address` in this scope
[INFO] [stdout]   --> tests/settings.rs:26:71
[INFO] [stdout]    |
[INFO] [stdout] 26 | pub fn transfer_transaction() -> (TxHash, Winstons, Winstons, Anchor, Address, Address) {
[INFO] [stdout]    |                                                                       ^^^^^^^ not found in this scope
[INFO] [stdout]    |
[INFO] [stdout] help: consider importing this struct
[INFO] [stdout]    |
[INFO] [stdout] 1  | use arweaver::Address;
[INFO] [stdout]    |
[INFO] [stdout] 
[INFO] [stdout] 
[INFO] [stdout] error[E0412]: cannot find type `Address` in this scope
[INFO] [stdout]   --> tests/settings.rs:26:80
[INFO] [stdout]    |
[INFO] [stdout] 26 | pub fn transfer_transaction() -> (TxHash, Winstons, Winstons, Anchor, Address, Address) {
[INFO] [stdout]    |                                                                                ^^^^^^^ not found in this scope
[INFO] [stdout]    |
[INFO] [stdout] help: consider importing this struct
[INFO] [stdout]    |
[INFO] [stdout] 1  | use arweaver::Address;
[INFO] [stdout]    |
[INFO] [stdout] 
[INFO] [stdout] 
[INFO] [stdout] error[E0433]: failed to resolve: use of undeclared type or module `TxHash`
[INFO] [stdout]   --> tests/settings.rs:27:13
[INFO] [stdout]    |
[INFO] [stdout] 27 |     let h = TxHash::decode("wbezNDNLwOf7qIYEtyHCjRs_kUafeiGF28REpip6DU8").unwrap();
[INFO] [stdout]    |             ^^^^^^ not found in this scope
[INFO] [stdout]    |
[INFO] [stdout] help: consider importing this struct
[INFO] [stdout]    |
[INFO] [stdout] 1  | use arweaver::TxHash;
[INFO] [stdout]    |
[INFO] [stdout] 
[INFO] [stdout] 
[INFO] [stdout] error[E0433]: failed to resolve: use of undeclared type or module `Winstons`
[INFO] [stdout]   --> tests/settings.rs:28:13
[INFO] [stdout]    |
[INFO] [stdout] 28 |     let q = Winstons::from(339000000000000u64);
[INFO] [stdout]    |             ^^^^^^^^ not found in this scope
[INFO] [stdout]    |
[INFO] [stdout] help: consider importing this struct
[INFO] [stdout]    |
[INFO] [stdout] 1  | use arweaver::Winstons;
[INFO] [stdout]    |
[INFO] [stdout] 
[INFO] [stdout] 
[INFO] [stdout] error[E0433]: failed to resolve: use of undeclared type or module `Winstons`
[INFO] [stdout]   --> tests/settings.rs:29:13
[INFO] [stdout]    |
[INFO] [stdout] 29 |     let r = Winstons::from(321179212u64);
[INFO] [stdout]    |             ^^^^^^^^ not found in this scope
[INFO] [stdout]    |
[INFO] [stdout] help: consider importing this struct
[INFO] [stdout]    |
[INFO] [stdout] 1  | use arweaver::Winstons;
[INFO] [stdout]    |
[INFO] [stdout] 
[INFO] [stdout] 
[INFO] [stdout] error[E0433]: failed to resolve: use of undeclared type or module `Anchor`
[INFO] [stdout]   --> tests/settings.rs:30:13
[INFO] [stdout]    |
[INFO] [stdout] 30 |     let a = Anchor::Transaction(Some(TxHash::decode("CCH2h2MzMP7WMh0Xf3GYL7zZDbU7E4CZPJWngp1qmDc").unwrap()));
[INFO] [stdout]    |             ^^^^^^ not found in this scope
[INFO] [stdout]    |
[INFO] [stdout] help: consider importing this enum
[INFO] [stdout]    |
[INFO] [stdout] 1  | use arweaver::Anchor;
[INFO] [stdout]    |
[INFO] [stdout] 
[INFO] [stdout] 
[INFO] [stdout] error[E0433]: failed to resolve: use of undeclared type or module `TxHash`
[INFO] [stdout]   --> tests/settings.rs:30:38
[INFO] [stdout]    |
[INFO] [stdout] 30 |     let a = Anchor::Transaction(Some(TxHash::decode("CCH2h2MzMP7WMh0Xf3GYL7zZDbU7E4CZPJWngp1qmDc").unwrap()));
[INFO] [stdout]    |                                      ^^^^^^ not found in this scope
[INFO] [stdout]    |
[INFO] [stdout] help: consider importing this struct
[INFO] [stdout]    |
[INFO] [stdout] 1  | use arweaver::TxHash;
[INFO] [stdout]    |
[INFO] [stdout] 
[INFO] [stdout] 
[INFO] [stdout] error[E0433]: failed to resolve: use of undeclared type or module `Address`
[INFO] [stdout]   --> tests/settings.rs:31:16
[INFO] [stdout]    |
[INFO] [stdout] 31 |     let from = Address::decode("_1on1ufdt7Pye8VBn9om-9fBI43kzKYKrYyb_ShfECg").unwrap();
[INFO] [stdout]    |                ^^^^^^^ not found in this scope
[INFO] [stdout]    |
[INFO] [stdout] help: consider importing this struct
[INFO] [stdout]    |
[INFO] [stdout] 1  | use arweaver::Address;
[INFO] [stdout]    |
[INFO] [stdout] 
[INFO] [stdout] 
[INFO] [stdout] error[E0433]: failed to resolve: use of undeclared type or module `Address`
[INFO] [stdout]   --> tests/settings.rs:32:14
[INFO] [stdout]    |
[INFO] [stdout] 32 |     let to = Address::decode("T22ykpEoUQerm0_8wSpiOE_2xUOGmG1lnf7niSiQlaU").unwrap();
[INFO] [stdout]    |              ^^^^^^^ not found in this scope
[INFO] [stdout]    |
[INFO] [stdout] help: consider importing this struct
[INFO] [stdout]    |
[INFO] [stdout] 1  | use arweaver::Address;
[INFO] [stdout]    |
[INFO] [stdout] 
[INFO] [stdout] 
[INFO] [stdout] error[E0412]: cannot find type `Address` in this scope
[INFO] [stdout]   --> tests/settings.rs:36:42
[INFO] [stdout]    |
[INFO] [stdout] 36 | pub fn account_with_nonzero_balance() -> Address {
[INFO] [stdout]    |                                          ^^^^^^^ not found in this scope
[INFO] [stdout]    |
[INFO] [stdout] help: consider importing this struct
[INFO] [stdout]    |
[INFO] [stdout] 1  | use arweaver::Address;
[INFO] [stdout]    |
[INFO] [stdout] 
[INFO] [stdout] 
[INFO] [stdout] error[E0433]: failed to resolve: use of undeclared type or module `arweave`
[INFO] [stdout]  --> tests/mutability_tests.rs:7:22
[INFO] [stdout]   |
[INFO] [stdout] 7 |     let c = arweave::Client::new().unwrap();
[INFO] [stdout]   |                      ^^^^^^ not found in `arweave`
[INFO] [stdout]   |
[INFO] [stdout] help: consider importing one of these items
[INFO] [stdout]   |
[INFO] [stdout] 3 | use arweaver::Client;
[INFO] [stdout]   |
[INFO] [stdout] 3 | use crate::loom::Client;
[INFO] [stdout]   |
[INFO] [stdout] 3 | use reqwest::Client;
[INFO] [stdout]   |
[INFO] [stdout] 3 | use reqwest::r#async::Client;
[INFO] [stdout]   |
[INFO] [stdout] 
[INFO] [stdout] 
[INFO] [stdout] error[E0433]: failed to resolve: use of undeclared type or module `Address`
[INFO] [stdout]   --> tests/settings.rs:37:5
[INFO] [stdout]    |
[INFO] [stdout] 37 |     Address::decode("OesddStCpX7gW3ZWxO93GnU7wRYjAQIJUA8c7KkID2M").unwrap()
[INFO] [stdout]    |     ^^^^^^^ not found in this scope
[INFO] [stdout]    |
[INFO] [stdout] help: consider importing this struct
[INFO] [stdout]    |
[INFO] [stdout] 1  | use arweaver::Address;
[INFO] [stdout]    |
[INFO] [stdout] 
[INFO] [stdout] 
[INFO] [stdout] error[E0433]: failed to resolve: use of undeclared type or module `Client`
[INFO] [stdout]  --> tests/integration_tests.rs:7:13
[INFO] [stdout]   |
[INFO] [stdout] 7 |     let c = Client::new().unwrap();
[INFO] [stdout]   |             ^^^^^^ not found in this scope
[INFO] [stdout]   |
[INFO] [stdout] help: consider importing one of these items
[INFO] [stdout]   |
[INFO] [stdout] 1 | use arweaver::Client;
[INFO] [stdout]   |
[INFO] [stdout] 1 | use reqwest::Client;
[INFO] [stdout]   |
[INFO] [stdout] 1 | use reqwest::r#async::Client;
[INFO] [stdout]   |
[INFO] [stdout] 
[INFO] [stdout] 
[INFO] [stdout] error[E0433]: failed to resolve: use of undeclared type or module `Client`
[INFO] [stdout]   --> tests/integration_tests.rs:14:13
[INFO] [stdout]    |
[INFO] [stdout] 14 |     let c = Client::new().unwrap();
[INFO] [stdout]    |             ^^^^^^ not found in this scope
[INFO] [stdout]    |
[INFO] [stdout] help: consider importing one of these items
[INFO] [stdout]    |
[INFO] [stdout] 1  | use arweaver::Client;
[INFO] [stdout]    |
[INFO] [stdout] 1  | use reqwest::Client;
[INFO] [stdout]    |
[INFO] [stdout] 1  | use reqwest::r#async::Client;
[INFO] [stdout]    |
[INFO] [stdout] 
[INFO] [stdout] 
[INFO] [stdout] error[E0433]: failed to resolve: use of undeclared type or module `Height`
[INFO] [stdout]   --> tests/integration_tests.rs:22:28
[INFO] [stdout]    |
[INFO] [stdout] 22 |     assert_eq!(b1.height + Height::from(1), b0.height);
[INFO] [stdout]    |                            ^^^^^^ not found in this scope
[INFO] [stdout]    |
[INFO] [stdout] help: consider importing this struct
[INFO] [stdout]    |
[INFO] [stdout] 1  | use arweaver::Height;
[INFO] [stdout]    |
[INFO] [stdout] 
[INFO] [stdout] 
[INFO] [stdout] error[E0433]: failed to resolve: use of undeclared type or module `Client`
[INFO] [stdout]   --> tests/integration_tests.rs:28:13
[INFO] [stdout]    |
[INFO] [stdout] 28 |     let c = Client::new().unwrap();
[INFO] [stdout]    |             ^^^^^^ not found in this scope
[INFO] [stdout]    |
[INFO] [stdout] help: consider importing one of these items
[INFO] [stdout]    |
[INFO] [stdout] 1  | use arweaver::Client;
[INFO] [stdout]    |
[INFO] [stdout] 1  | use reqwest::Client;
[INFO] [stdout]    |
[INFO] [stdout] 1  | use reqwest::r#async::Client;
[INFO] [stdout]    |
[INFO] [stdout] 
[INFO] [stdout] 
[INFO] [stdout] error[E0433]: failed to resolve: use of undeclared type or module `Client`
[INFO] [stdout]   --> tests/integration_tests.rs:39:13
[INFO] [stdout]    |
[INFO] [stdout] 39 |     let c = Client::new().unwrap();
[INFO] [stdout]    |             ^^^^^^ not found in this scope
[INFO] [stdout]    |
[INFO] [stdout] help: consider importing one of these items
[INFO] [stdout]    |
[INFO] [stdout] 1  | use arweaver::Client;
[INFO] [stdout]    |
[INFO] [stdout] 1  | use reqwest::Client;
[INFO] [stdout]    |
[INFO] [stdout] 1  | use reqwest::r#async::Client;
[INFO] [stdout]    |
[INFO] [stdout] 
[INFO] [stdout] 
[INFO] [stdout] error[E0433]: failed to resolve: use of undeclared type or module `Height`
[INFO] [stdout]   --> tests/integration_tests.rs:46:34
[INFO] [stdout]    |
[INFO] [stdout] 46 |     let b1 = c.height(i.height - Height::from(1)).unwrap();
[INFO] [stdout]    |                                  ^^^^^^ not found in this scope
[INFO] [stdout]    |
[INFO] [stdout] help: consider importing this struct
[INFO] [stdout]    |
[INFO] [stdout] 1  | use arweaver::Height;
[INFO] [stdout]    |
[INFO] [stdout] 
[INFO] [stdout] 
[INFO] [stdout] error[E0433]: failed to resolve: use of undeclared type or module `Height`
[INFO] [stdout]   --> tests/integration_tests.rs:48:28
[INFO] [stdout]    |
[INFO] [stdout] 48 |     assert_eq!(b1.height + Height::from(1), b0.height);
[INFO] [stdout]    |                            ^^^^^^ not found in this scope
[INFO] [stdout]    |
[INFO] [stdout] help: consider importing this struct
[INFO] [stdout]    |
[INFO] [stdout] 1  | use arweaver::Height;
[INFO] [stdout]    |
[INFO] [stdout] 
[INFO] [stdout] 
[INFO] [stdout] error[E0433]: failed to resolve: use of undeclared type or module `Client`
[INFO] [stdout]   --> tests/integration_tests.rs:54:13
[INFO] [stdout]    |
[INFO] [stdout] 54 |     let c = Client::new().unwrap();
[INFO] [stdout]    |             ^^^^^^ not found in this scope
[INFO] [stdout]    |
[INFO] [stdout] help: consider importing one of these items
[INFO] [stdout]    |
[INFO] [stdout] 1  | use arweaver::Client;
[INFO] [stdout]    |
[INFO] [stdout] 1  | use reqwest::Client;
[INFO] [stdout]    |
[INFO] [stdout] 1  | use reqwest::r#async::Client;
[INFO] [stdout]    |
[INFO] [stdout] 
[INFO] [stdout] 
[INFO] [stdout] error[E0433]: failed to resolve: use of undeclared type or module `Height`
[INFO] [stdout]   --> tests/integration_tests.rs:55:22
[INFO] [stdout]    |
[INFO] [stdout] 55 |     let b = c.height(Height::from(0)).unwrap();
[INFO] [stdout]    |                      ^^^^^^ not found in this scope
[INFO] [stdout]    |
[INFO] [stdout] help: consider importing this struct
[INFO] [stdout]    |
[INFO] [stdout] 1  | use arweaver::Height;
[INFO] [stdout]    |
[INFO] [stdout] 
[INFO] [stdout] 
[INFO] [stdout] error[E0433]: failed to resolve: use of undeclared type or module `Client`
[INFO] [stdout]   --> tests/integration_tests.rs:61:13
[INFO] [stdout]    |
[INFO] [stdout] 61 |     let c = Client::new().unwrap();
[INFO] [stdout]    |             ^^^^^^ not found in this scope
[INFO] [stdout]    |
[INFO] [stdout] help: consider importing one of these items
[INFO] [stdout]    |
[INFO] [stdout] 1  | use arweaver::Client;
[INFO] [stdout]    |
[INFO] [stdout] 1  | use reqwest::Client;
[INFO] [stdout]    |
[INFO] [stdout] 1  | use reqwest::r#async::Client;
[INFO] [stdout]    |
[INFO] [stdout] 
[INFO] [stdout] 
[INFO] [stdout] error[E0433]: failed to resolve: use of undeclared type or module `Client`
[INFO] [stdout]   --> tests/integration_tests.rs:77:13
[INFO] [stdout]    |
[INFO] [stdout] 77 |     let c = Client::new().unwrap();
[INFO] [stdout]    |             ^^^^^^ not found in this scope
[INFO] [stdout]    |
[INFO] [stdout] help: consider importing one of these items
[INFO] [stdout]    |
[INFO] [stdout] 1  | use arweaver::Client;
[INFO] [stdout]    |
[INFO] [stdout] 1  | use reqwest::Client;
[INFO] [stdout]    |
[INFO] [stdout] 1  | use reqwest::r#async::Client;
[INFO] [stdout]    |
[INFO] [stdout] 
[INFO] [stdout] 
[INFO] [stdout] error[E0433]: failed to resolve: use of undeclared type or module `Winstons`
[INFO] [stdout]   --> tests/integration_tests.rs:82:28
[INFO] [stdout]    |
[INFO] [stdout] 82 |     assert_eq!(t.quantity, Winstons::from(0u32));
[INFO] [stdout]    |                            ^^^^^^^^ not found in this scope
[INFO] [stdout]    |
[INFO] [stdout] help: consider importing this struct
[INFO] [stdout]    |
[INFO] [stdout] 1  | use arweaver::Winstons;
[INFO] [stdout]    |
[INFO] [stdout] 
[INFO] [stdout] 
[INFO] [stdout] error[E0433]: failed to resolve: use of undeclared type or module `Client`
[INFO] [stdout]   --> tests/integration_tests.rs:92:13
[INFO] [stdout]    |
[INFO] [stdout] 92 |     let c = Client::new().unwrap();
[INFO] [stdout]    |             ^^^^^^ not found in this scope
[INFO] [stdout]    |
[INFO] [stdout] help: consider importing one of these items
[INFO] [stdout]    |
[INFO] [stdout] 1  | use arweaver::Client;
[INFO] [stdout]    |
[INFO] [stdout] 1  | use reqwest::Client;
[INFO] [stdout]    |
[INFO] [stdout] 1  | use reqwest::r#async::Client;
[INFO] [stdout]    |
[INFO] [stdout] 
[INFO] [stdout] 
[INFO] [stdout] error[E0433]: failed to resolve: use of undeclared type or module `Tags`
[INFO] [stdout]    --> tests/integration_tests.rs:102:24
[INFO] [stdout]     |
[INFO] [stdout] 102 |     assert_eq!(t.tags, Tags::new());
[INFO] [stdout]     |                        ^^^^ not found in this scope
[INFO] [stdout]     |
[INFO] [stdout] help: consider importing this struct
[INFO] [stdout]     |
[INFO] [stdout] 1   | use arweaver::Tags;
[INFO] [stdout]     |
[INFO] [stdout] 
[INFO] [stdout] 
[INFO] [stdout] error[E0433]: failed to resolve: use of undeclared type or module `Client`
[INFO] [stdout]    --> tests/integration_tests.rs:108:13
[INFO] [stdout]     |
[INFO] [stdout] 108 |     let c = Client::new().unwrap();
[INFO] [stdout]     |             ^^^^^^ not found in this scope
[INFO] [stdout]     |
[INFO] [stdout] help: consider importing one of these items
[INFO] [stdout]     |
[INFO] [stdout] 1   | use arweaver::Client;
[INFO] [stdout]     |
[INFO] [stdout] 1   | use reqwest::Client;
[INFO] [stdout]     |
[INFO] [stdout] 1   | use reqwest::r#async::Client;
[INFO] [stdout]     |
[INFO] [stdout] 
[INFO] [stdout] 
[INFO] [stdout] error[E0433]: failed to resolve: use of undeclared type or module `Winstons`
[INFO] [stdout]    --> tests/integration_tests.rs:109:54
[INFO] [stdout]     |
[INFO] [stdout] 109 |     assert_eq!(c.balance(fresh::address()).unwrap(), Winstons::from(0u32));
[INFO] [stdout]     |                                                      ^^^^^^^^ not found in this scope
[INFO] [stdout]     |
[INFO] [stdout] help: consider importing this struct
[INFO] [stdout]     |
[INFO] [stdout] 1   | use arweaver::Winstons;
[INFO] [stdout]     |
[INFO] [stdout] 
[INFO] [stdout] 
[INFO] [stdout] error[E0433]: failed to resolve: use of undeclared type or module `Winstons`
[INFO] [stdout]    --> tests/integration_tests.rs:110:78
[INFO] [stdout]     |
[INFO] [stdout] 110 |     assert_ne!(c.balance(settings::account_with_nonzero_balance()).unwrap(), Winstons::from(0u32));
[INFO] [stdout]     |                                                                              ^^^^^^^^ not found in this scope
[INFO] [stdout]     |
[INFO] [stdout] help: consider importing this struct
[INFO] [stdout]     |
[INFO] [stdout] 1   | use arweaver::Winstons;
[INFO] [stdout]     |
[INFO] [stdout] 
[INFO] [stdout] 
[INFO] [stdout] error[E0412]: cannot find type `Height` in this scope
[INFO] [stdout]  --> tests/settings.rs:4:33
[INFO] [stdout]   |
[INFO] [stdout] 4 | pub fn recent_block_height() -> Height {
[INFO] [stdout]   |                                 ^^^^^^ not found in this scope
[INFO] [stdout]   |
[INFO] [stdout] help: consider importing this struct
[INFO] [stdout]   |
[INFO] [stdout] 1 | use arweaver::Height;
[INFO] [stdout]   |
[INFO] [stdout] 
[INFO] [stdout] 
[INFO] [stdout] error[E0433]: failed to resolve: use of undeclared type or module `Height`
[INFO] [stdout]  --> tests/settings.rs:5:5
[INFO] [stdout]   |
[INFO] [stdout] 5 |     Height::from(317621)
[INFO] [stdout]   |     ^^^^^^ not found in this scope
[INFO] [stdout]   |
[INFO] [stdout] help: consider importing this struct
[INFO] [stdout]   |
[INFO] [stdout] 1 | use arweaver::Height;
[INFO] [stdout]   |
[INFO] [stdout] 
[INFO] [stdout] 
[INFO] [stdout] error[E0433]: failed to resolve: use of undeclared type or module `arweave`
[INFO] [stdout]   --> tests/mutability_tests.rs:19:22
[INFO] [stdout]    |
[INFO] [stdout] 19 |     let c = arweave::Client::new().unwrap();
[INFO] [stdout]    |                      ^^^^^^ not found in `arweave`
[INFO] [stdout]    |
[INFO] [stdout] help: consider importing one of these items
[INFO] [stdout]    |
[INFO] [stdout] 3  | use arweaver::Client;
[INFO] [stdout]    |
[INFO] [stdout] 3  | use crate::loom::Client;
[INFO] [stdout]    |
[INFO] [stdout] 3  | use reqwest::Client;
[INFO] [stdout]    |
[INFO] [stdout] 3  | use reqwest::r#async::Client;
[INFO] [stdout]    |
[INFO] [stdout] 
[INFO] [stdout] 
[INFO] [stdout] error[E0412]: cannot find type `BlockHash` in this scope
[INFO] [stdout]   --> tests/settings.rs:12:38
[INFO] [stdout]    |
[INFO] [stdout] 12 | pub fn block_with_transactions() -> (BlockHash, DateTime<Utc>)  {
[INFO] [stdout]    |                                      ^^^^^^^^^ not found in this scope
[INFO] [stdout]    |
[INFO] [stdout] help: consider importing this struct
[INFO] [stdout]    |
[INFO] [stdout] 1  | use arweaver::BlockHash;
[INFO] [stdout]    |
[INFO] [stdout] 
[INFO] [stdout] 
[INFO] [stdout] error[E0433]: failed to resolve: use of undeclared type or module `BlockHash`
[INFO] [stdout]   --> tests/settings.rs:13:14
[INFO] [stdout]    |
[INFO] [stdout] 13 |     let bh = BlockHash::decode("TQpzWTuYMv82YPLEeaAKJawJlknA5cDcesHCGVvZFzSFrpfWZxc-tOmLU-lx1B4v").unwrap();
[INFO] [stdout]    |              ^^^^^^^^^ not found in this scope
[INFO] [stdout]    |
[INFO] [stdout] help: consider importing this struct
[INFO] [stdout]    |
[INFO] [stdout] 1  | use arweaver::BlockHash;
[INFO] [stdout]    |
[INFO] [stdout] 
[INFO] [stdout] 
[INFO] [stdout] error[E0412]: cannot find type `TxHash` in this scope
[INFO] [stdout]   --> tests/settings.rs:18:31
[INFO] [stdout]    |
[INFO] [stdout] 18 | pub fn data_transaction() -> (TxHash, Winstons, Anchor, Tags) {
[INFO] [stdout]    |                               ^^^^^^ not found in this scope
[INFO] [stdout]    |
[INFO] [stdout] help: consider importing this struct
[INFO] [stdout]    |
[INFO] [stdout] 1  | use arweaver::TxHash;
[INFO] [stdout]    |
[INFO] [stdout] 
[INFO] [stdout] 
[INFO] [stdout] error[E0412]: cannot find type `Winstons` in this scope
[INFO] [stdout]   --> tests/settings.rs:18:39
[INFO] [stdout]    |
[INFO] [stdout] 18 | pub fn data_transaction() -> (TxHash, Winstons, Anchor, Tags) {
[INFO] [stdout]    |                                       ^^^^^^^^ not found in this scope
[INFO] [stdout]    |
[INFO] [stdout] help: consider importing this struct
[INFO] [stdout]    |
[INFO] [stdout] 1  | use arweaver::Winstons;
[INFO] [stdout]    |
[INFO] [stdout] 
[INFO] [stdout] 
[INFO] [stdout] error[E0412]: cannot find type `Anchor` in this scope
[INFO] [stdout]   --> tests/settings.rs:18:49
[INFO] [stdout]    |
[INFO] [stdout] 18 | pub fn data_transaction() -> (TxHash, Winstons, Anchor, Tags) {
[INFO] [stdout]    |                                                 ^^^^^^ not found in this scope
[INFO] [stdout]    |
[INFO] [stdout] help: consider importing this enum
[INFO] [stdout]    |
[INFO] [stdout] 1  | use arweaver::Anchor;
[INFO] [stdout]    |
[INFO] [stdout] 
[INFO] [stdout] 
[INFO] [stdout] error[E0412]: cannot find type `Tags` in this scope
[INFO] [stdout]   --> tests/settings.rs:18:57
[INFO] [stdout]    |
[INFO] [stdout] 18 | pub fn data_transaction() -> (TxHash, Winstons, Anchor, Tags) {
[INFO] [stdout]    |                                                         ^^^^ not found in this scope
[INFO] [stdout]    |
[INFO] [stdout] help: consider importing this struct
[INFO] [stdout]    |
[INFO] [stdout] 1  | use arweaver::Tags;
[INFO] [stdout]    |
[INFO] [stdout] 
[INFO] [stdout] 
[INFO] [stdout] error[E0433]: failed to resolve: use of undeclared type or module `TxHash`
[INFO] [stdout]   --> tests/settings.rs:19:13
[INFO] [stdout]    |
[INFO] [stdout] 19 |     let h = TxHash::decode("et36AGA5eo4HzVNi39nSvTbltzhoRPq643MzzwrH38w").unwrap();
[INFO] [stdout]    |             ^^^^^^ not found in this scope
[INFO] [stdout]    |
[INFO] [stdout] help: consider importing this struct
[INFO] [stdout]    |
[INFO] [stdout] 1  | use arweaver::TxHash;
[INFO] [stdout]    |
[INFO] [stdout] 
[INFO] [stdout] 
[INFO] [stdout] error[E0433]: failed to resolve: use of undeclared type or module `Winstons`
[INFO] [stdout]   --> tests/settings.rs:20:13
[INFO] [stdout]    |
[INFO] [stdout] 20 |     let r = Winstons::from(42360199u64);
[INFO] [stdout]    |             ^^^^^^^^ not found in this scope
[INFO] [stdout]    |
[INFO] [stdout] help: consider importing this struct
[INFO] [stdout]    |
[INFO] [stdout] 1  | use arweaver::Winstons;
[INFO] [stdout]    |
[INFO] [stdout] 
[INFO] [stdout] 
[INFO] [stdout] error[E0433]: failed to resolve: use of undeclared type or module `Anchor`
[INFO] [stdout]   --> tests/settings.rs:21:13
[INFO] [stdout]    |
[INFO] [stdout] 21 |     let a = Anchor::Block(BlockHash::decode("2serU-303rThvozelaLz67ftihCw7cJPAEF40SkPkfyvz92Z5gCKVfhadoVU3ZRg").unwrap());
[INFO] [stdout]    |             ^^^^^^ not found in this scope
[INFO] [stdout]    |
[INFO] [stdout] help: consider importing this enum
[INFO] [stdout]    |
[INFO] [stdout] 1  | use arweaver::Anchor;
[INFO] [stdout]    |
[INFO] [stdout] 
[INFO] [stdout] 
[INFO] [stdout] error[E0433]: failed to resolve: use of undeclared type or module `BlockHash`
[INFO] [stdout]   --> tests/settings.rs:21:27
[INFO] [stdout]    |
[INFO] [stdout] 21 |     let a = Anchor::Block(BlockHash::decode("2serU-303rThvozelaLz67ftihCw7cJPAEF40SkPkfyvz92Z5gCKVfhadoVU3ZRg").unwrap());
[INFO] [stdout]    |                           ^^^^^^^^^ not found in this scope
[INFO] [stdout]    |
[INFO] [stdout] help: consider importing this struct
[INFO] [stdout]    |
[INFO] [stdout] 1  | use arweaver::BlockHash;
[INFO] [stdout]    |
[INFO] [stdout] 
[INFO] [stdout] 
[INFO] [stdout] error[E0433]: failed to resolve: use of undeclared type or module `Tags`
[INFO] [stdout]   --> tests/settings.rs:22:14
[INFO] [stdout]    |
[INFO] [stdout] 22 |     let ts = Tags::from(vec![("Content-Type", "text/html"), ("User-Agent", "ArweaveDeploy/1.7.0")]);
[INFO] [stdout]    |              ^^^^ not found in this scope
[INFO] [stdout]    |
[INFO] [stdout] help: consider importing this struct
[INFO] [stdout]    |
[INFO] [stdout] 1  | use arweaver::Tags;
[INFO] [stdout]    |
[INFO] [stdout] 
[INFO] [stdout] 
[INFO] [stdout] error[E0412]: cannot find type `TxHash` in this scope
[INFO] [stdout]   --> tests/settings.rs:26:35
[INFO] [stdout]    |
[INFO] [stdout] 26 | pub fn transfer_transaction() -> (TxHash, Winstons, Winstons, Anchor, Address, Address) {
[INFO] [stdout]    |                                   ^^^^^^ not found in this scope
[INFO] [stdout]    |
[INFO] [stdout] help: consider importing this struct
[INFO] [stdout]    |
[INFO] [stdout] 1  | use arweaver::TxHash;
[INFO] [stdout]    |
[INFO] [stdout] 
[INFO] [stdout] 
[INFO] [stdout] error[E0412]: cannot find type `Winstons` in this scope
[INFO] [stdout]   --> tests/settings.rs:26:43
[INFO] [stdout]    |
[INFO] [stdout] 26 | pub fn transfer_transaction() -> (TxHash, Winstons, Winstons, Anchor, Address, Address) {
[INFO] [stdout]    |                                           ^^^^^^^^ not found in this scope
[INFO] [stdout]    |
[INFO] [stdout] help: consider importing this struct
[INFO] [stdout]    |
[INFO] [stdout] 1  | use arweaver::Winstons;
[INFO] [stdout]    |
[INFO] [stdout] 
[INFO] [stdout] 
[INFO] [stdout] error[E0412]: cannot find type `Winstons` in this scope
[INFO] [stdout]   --> tests/settings.rs:26:53
[INFO] [stdout]    |
[INFO] [stdout] 26 | pub fn transfer_transaction() -> (TxHash, Winstons, Winstons, Anchor, Address, Address) {
[INFO] [stdout]    |                                                     ^^^^^^^^ not found in this scope
[INFO] [stdout]    |
[INFO] [stdout] help: consider importing this struct
[INFO] [stdout]    |
[INFO] [stdout] 1  | use arweaver::Winstons;
[INFO] [stdout]    |
[INFO] [stdout] 
[INFO] [stdout] 
[INFO] [stdout] error[E0412]: cannot find type `Anchor` in this scope
[INFO] [stdout]   --> tests/settings.rs:26:63
[INFO] [stdout]    |
[INFO] [stdout] 26 | pub fn transfer_transaction() -> (TxHash, Winstons, Winstons, Anchor, Address, Address) {
[INFO] [stdout]    |                                                               ^^^^^^ not found in this scope
[INFO] [stdout]    |
[INFO] [stdout] help: consider importing this enum
[INFO] [stdout]    |
[INFO] [stdout] 1  | use arweaver::Anchor;
[INFO] [stdout]    |
[INFO] [stdout] 
[INFO] [stdout] 
[INFO] [stdout] error[E0412]: cannot find type `Address` in this scope
[INFO] [stdout]   --> tests/settings.rs:26:71
[INFO] [stdout]    |
[INFO] [stdout] 26 | pub fn transfer_transaction() -> (TxHash, Winstons, Winstons, Anchor, Address, Address) {
[INFO] [stdout]    |                                                                       ^^^^^^^ not found in this scope
[INFO] [stdout]    |
[INFO] [stdout] help: consider importing this struct
[INFO] [stdout]    |
[INFO] [stdout] 1  | use arweaver::Address;
[INFO] [stdout]    |
[INFO] [stdout] 
[INFO] [stdout] 
[INFO] [stdout] error[E0412]: cannot find type `Address` in this scope
[INFO] [stdout]   --> tests/settings.rs:26:80
[INFO] [stdout]    |
[INFO] [stdout] 26 | pub fn transfer_transaction() -> (TxHash, Winstons, Winstons, Anchor, Address, Address) {
[INFO] [stdout]    |                                                                                ^^^^^^^ not found in this scope
[INFO] [stdout]    |
[INFO] [stdout] help: consider importing this struct
[INFO] [stdout]    |
[INFO] [stdout] 1  | use arweaver::Address;
[INFO] [stdout]    |
[INFO] [stdout] 
[INFO] [stdout] 
[INFO] [stdout] error[E0433]: failed to resolve: use of undeclared type or module `TxHash`
[INFO] [stdout]   --> tests/settings.rs:27:13
[INFO] [stdout]    |
[INFO] [stdout] 27 |     let h = TxHash::decode("wbezNDNLwOf7qIYEtyHCjRs_kUafeiGF28REpip6DU8").unwrap();
[INFO] [stdout]    |             ^^^^^^ not found in this scope
[INFO] [stdout]    |
[INFO] [stdout] help: consider importing this struct
[INFO] [stdout]    |
[INFO] [stdout] 1  | use arweaver::TxHash;
[INFO] [stdout]    |
[INFO] [stdout] 
[INFO] [stdout] 
[INFO] [stdout] error[E0433]: failed to resolve: use of undeclared type or module `Winstons`
[INFO] [stdout]   --> tests/settings.rs:28:13
[INFO] [stdout]    |
[INFO] [stdout] 28 |     let q = Winstons::from(339000000000000u64);
[INFO] [stdout]    |             ^^^^^^^^ not found in this scope
[INFO] [stdout]    |
[INFO] [stdout] help: consider importing this struct
[INFO] [stdout]    |
[INFO] [stdout] 1  | use arweaver::Winstons;
[INFO] [stdout]    |
[INFO] [stdout] 
[INFO] [stdout] 
[INFO] [stdout] error[E0433]: failed to resolve: use of undeclared type or module `Winstons`
[INFO] [stdout]   --> tests/settings.rs:29:13
[INFO] [stdout]    |
[INFO] [stdout] 29 |     let r = Winstons::from(321179212u64);
[INFO] [stdout]    |             ^^^^^^^^ not found in this scope
[INFO] [stdout]    |
[INFO] [stdout] help: consider importing this struct
[INFO] [stdout]    |
[INFO] [stdout] 1  | use arweaver::Winstons;
[INFO] [stdout]    |
[INFO] [stdout] 
[INFO] [stdout] 
[INFO] [stdout] error[E0433]: failed to resolve: use of undeclared type or module `Anchor`
[INFO] [stdout]   --> tests/settings.rs:30:13
[INFO] [stdout]    |
[INFO] [stdout] 30 |     let a = Anchor::Transaction(Some(TxHash::decode("CCH2h2MzMP7WMh0Xf3GYL7zZDbU7E4CZPJWngp1qmDc").unwrap()));
[INFO] [stdout]    |             ^^^^^^ not found in this scope
[INFO] [stdout]    |
[INFO] [stdout] help: consider importing this enum
[INFO] [stdout]    |
[INFO] [stdout] 1  | use arweaver::Anchor;
[INFO] [stdout]    |
[INFO] [stdout] 
[INFO] [stdout] 
[INFO] [stdout] error[E0433]: failed to resolve: use of undeclared type or module `TxHash`
[INFO] [stdout]   --> tests/settings.rs:30:38
[INFO] [stdout]    |
[INFO] [stdout] 30 |     let a = Anchor::Transaction(Some(TxHash::decode("CCH2h2MzMP7WMh0Xf3GYL7zZDbU7E4CZPJWngp1qmDc").unwrap()));
[INFO] [stdout]    |                                      ^^^^^^ not found in this scope
[INFO] [stdout]    |
[INFO] [stdout] help: consider importing this struct
[INFO] [stdout]    |
[INFO] [stdout] 1  | use arweaver::TxHash;
[INFO] [stdout]    |
[INFO] [stdout] 
[INFO] [stdout] 
[INFO] [stdout] error[E0433]: failed to resolve: use of undeclared type or module `Address`
[INFO] [stdout]   --> tests/settings.rs:31:16
[INFO] [stdout]    |
[INFO] [stdout] 31 |     let from = Address::decode("_1on1ufdt7Pye8VBn9om-9fBI43kzKYKrYyb_ShfECg").unwrap();
[INFO] [stdout]    |                ^^^^^^^ not found in this scope
[INFO] [stdout]    |
[INFO] [stdout] help: consider importing this struct
[INFO] [stdout]    |
[INFO] [stdout] 1  | use arweaver::Address;
[INFO] [stdout]    |
[INFO] [stdout] 
[INFO] [stdout] 
[INFO] [stdout] error[E0433]: failed to resolve: use of undeclared type or module `Address`
[INFO] [stdout]   --> tests/settings.rs:32:14
[INFO] [stdout]    |
[INFO] [stdout] 32 |     let to = Address::decode("T22ykpEoUQerm0_8wSpiOE_2xUOGmG1lnf7niSiQlaU").unwrap();
[INFO] [stdout]    |              ^^^^^^^ not found in this scope
[INFO] [stdout]    |
[INFO] [stdout] help: consider importing this struct
[INFO] [stdout]    |
[INFO] [stdout] 1  | use arweaver::Address;
[INFO] [stdout]    |
[INFO] [stdout] 
[INFO] [stdout] 
[INFO] [stdout] error[E0412]: cannot find type `Address` in this scope
[INFO] [stdout]   --> tests/settings.rs:36:42
[INFO] [stdout]    |
[INFO] [stdout] 36 | pub fn account_with_nonzero_balance() -> Address {
[INFO] [stdout]    |                                          ^^^^^^^ not found in this scope
[INFO] [stdout]    |
[INFO] [stdout] help: consider importing this struct
[INFO] [stdout]    |
[INFO] [stdout] 1  | use arweaver::Address;
[INFO] [stdout]    |
[INFO] [stdout] 
[INFO] [stdout] 
[INFO] [stdout] error[E0433]: failed to resolve: use of undeclared type or module `Address`
[INFO] [stdout]   --> tests/settings.rs:37:5
[INFO] [stdout]    |
[INFO] [stdout] 37 |     Address::decode("OesddStCpX7gW3ZWxO93GnU7wRYjAQIJUA8c7KkID2M").unwrap()
[INFO] [stdout]    |     ^^^^^^^ not found in this scope
[INFO] [stdout]    |
[INFO] [stdout] help: consider importing this struct
[INFO] [stdout]    |
[INFO] [stdout] 1  | use arweaver::Address;
[INFO] [stdout]    |
[INFO] [stdout] 
[INFO] [stdout] 
[INFO] [stdout] error: aborting due to 29 previous errors
[INFO] [stdout] 
[INFO] [stdout] 
[INFO] [stdout] Some errors have detailed explanations: E0412, E0432, E0433.
[INFO] [stdout] 
[INFO] [stdout] For more information about an error, try `rustc --explain E0412`.
[INFO] [stdout] 
[INFO] [stdout] error: aborting due to previous error
[INFO] [stdout] 
[INFO] [stdout] 
[INFO] [stdout] For more information about this error, try `rustc --explain E0432`.
[INFO] [stdout] 
[INFO] [stdout] error: aborting due to 48 previous errors
[INFO] [stdout] 
[INFO] [stdout] 
[INFO] [stdout] Some errors have detailed explanations: E0412, E0432, E0433.
[INFO] [stdout] 
[INFO] [stdout] For more information about an error, try `rustc --explain E0412`.
[INFO] [stdout] 
[INFO] [stdout] error: aborting due to 5 previous errors
[INFO] [stdout] 
[INFO] [stdout] 
[INFO] [stdout] Some errors have detailed explanations: E0432, E0433.
[INFO] [stdout] 
[INFO] [stdout] For more information about an error, try `rustc --explain E0432`.
[INFO] [stdout] 
[INFO] [stderr] error: build failed
[INFO] running `Command { std: "docker" "inspect" "43a26bf2fb407ef1855d9bf98262e0fae246c8af24be72de5cc7b67695228207", kill_on_drop: false }`
[INFO] running `Command { std: "docker" "rm" "-f" "43a26bf2fb407ef1855d9bf98262e0fae246c8af24be72de5cc7b67695228207", kill_on_drop: false }`
[INFO] [stdout] 43a26bf2fb407ef1855d9bf98262e0fae246c8af24be72de5cc7b67695228207
